) = -n**3 + n**2 + 4*n + 6. List the prime factors of v(-3).
2, 3, 5
Let y(r) = -3*r**3 - r**2 + r - 1. Let u be y(-2). Suppose 0 = -5*n + s + 76, u = 5*n + 5*s - 53. List the prime factors of n.
3, 5
Let f(n) be the first derivative of -5*n**2 - 2 - 3*n**3 - 1/4*n**4 - 10*n. List the prime factors of f(-8).
2, 3
Let v = 90 + 22. Let x = -76 + v. What are the prime factors of -3 - x/((-9)/3)?
3
Let q(z) = -10*z + 7. What are the prime factors of q(-10)?
107
Suppose -5*x = -18 - 57. Suppose 0 = 2*h - x + 5. List the prime factors of h.
5
Let o = -26 - -49. Let z = -7 + o. List the prime factors of z.
2
Let a(t) = -5*t - 5. Let w = -9 + 3. List the prime factors of a(w).
5
List the prime factors of 0 - 79/(-1) - -1 - 3.
7, 11
Suppose k + 2*k = 171. What are the prime factors of k?
3, 19
Let p = 308 - 215. Let t be 2/4 - p/(-6). Suppose 0*s - t = -2*s. What are the prime factors of s?
2
Let o be (2 + 0)/((-2)/(-3)). Let q be (3 + -5)/((-4)/10). Suppose 4*u = -2*c + 18, -o*c + 6*c - q*u = -6. What are the prime factors of c?
3
Let m be (-45)/27*(0 + -3). Suppose 5*t + m*x = 30, -5*x - 29 = -4*t + 4. List the prime factors of t.
7
Let m(g) = 6*g**2. Let i be m(-1). Let v be (5 - i)/(2/(-4)). Suppose q + v = 6. List the prime factors of q.
2
Suppose 0*f + 240 = 5*f. What are the prime factors of f?
2, 3
Let l(d) = -2*d - 3. Let c be l(3). Let n(k) = k**2 + 16*k + 6. Let w(f) = f + 1. Let y(q) = -n(q) + 6*w(q). List the prime factors of y(c).
3
Suppose -14*s = -9*s + 10. Let l be 3/(2*s/(-36)). Suppose u + 3 = -2*t, -3*u + 4*t + l = 6. List the prime factors of u.
3
Let k(q) be the third derivative of -q**4/3 - q**3/6 + 3*q**2. Let o be k(-1). Suppose -x + o = w + 2, -4*x = 12. What are the prime factors of w?
2
Let z be 0/(3/(-6)*2). Suppose -2*r = -z*r, w + 5*r = 13. What are the prime factors of w?
13
Suppose 3*d - 40 = 41. What are the prime factors of d?
3
Suppose -5*g = -8*g + 42. List the prime factors of g.
2, 7
Suppose t + 7*y = 2*y, -3*t = -y + 16. Let r = t - -15. What are the prime factors of r?
2, 5
Suppose 5*r - 3*m = 22, 7*r - 3*r - 25 = -5*m. Suppose -r*f = -28 - 57. List the prime factors of f.
17
Suppose -90 = -2*w - 3*j, 3*j = w + 3 - 39. What are the prime factors of w?
2, 3, 7
Suppose n = -s - s + 11, 3*s - 10 = 5*n. Let z be 3 - (4/n + 3). What are the prime factors of (1 + 5)*(-6)/z?
3
Let a(r) = r**3 - 5*r**2 + 3*r - 6. Let c be a(5). Let x = c + -5. List the prime factors of x.
2
Suppose -5*h + 25 = 0, 9*u = 4*u + h + 545. What are the prime factors of (u/20)/(1/2)?
11
Suppose 0 = -3*v + 10*v - 756. What are the prime factors of v?
2, 3
Let y(f) = f**3 + 6*f**2 + 4*f - 4. Let b be y(-5). Let g = b - 0. Let t(a) = 2*a**3. What are the prime factors of t(g)?
2
Let b be -2*(2 + 0/(-1)). Let j be (3/(-4))/(1/b). Let t = 9 + j. List the prime factors of t.
2, 3
Suppose -7*k + 4*k = -12. Let o(m) be the second derivative of m**4/12 - m**3/3 + 3*m**2 - m. List the prime factors of o(k).
2, 7
Let k(l) = -4*l**3 - 7*l**2. Let g(x) = -3*x**3 - 7*x**2 - x - 1. Let p(s) = -3*g(s) + 2*k(s). List the prime factors of p(-6).
3, 7
Let w(b) = 26*b**3 - 5*b**2 - 2*b - 4. Let u(q) = 25*q**3 - 4*q**2 - 2*q - 3. Let i(v) = 5*u(v) - 4*w(v). List the prime factors of i(1).
2, 5
Suppose 4 = 4*p - 16. Suppose -12 = -4*q + 5*y + 120, -48 = -q + p*y. List the prime factors of q.
2, 7
What are the prime factors of 32/20*(-25)/(-2)?
2, 5
Let f(q) = q - 2. Suppose 0 = -3*t - 3 + 15. Let x be f(t). Suppose -4*v + 4*d - 3*d + 11 = 0, -x*d = 5*v - 4. What are the prime factors of v?
2
Suppose 0 = -4*s - 4*n + 40, -36 = -4*s - n - 4*n. Suppose 4*u = 14 + s. List the prime factors of u.
7
Let z(m) = 11 - m**2 - 6 - m**3 + 7. Let l be (-4 - -4)*(-3)/(-6). List the prime factors of z(l).
2, 3
Let m = 146 + -88. List the prime factors of m.
2, 29
Suppose 4*d + 4*j = -48, j + 15 = 4*j. Let b = d + 24. List the prime factors of b.
7
Suppose -4*w - j + 191 = 0, -31 = -2*w + j + 66. What are the prime factors of w?
2, 3
Suppose -2*k + 0*k + f + 32 = 0, -2*k + 4*f = -26. Let o = k + -10. List the prime factors of o.
7
What are the prime factors of 172 + -2 + (0 - -6)?
2, 11
Let k(m) = -m**3 + 3*m**2 + m - 4. What are the prime factors of k(-3)?
47
Suppose -3*s + 182 = 29. Suppose -3 = -3*r + s. What are the prime factors of r?
2, 3
Suppose 98 = -3*g + 5*g + a, 3*g - a = 157. Suppose 0 = -3*o + 18 + g. List the prime factors of o.
23
List the prime factors of (24/(-10))/((-1)/75).
2, 3, 5
Let f(c) = -3*c - 3. Let i be f(4). What are the prime factors of 164/6 + 5/i?
3
Let o = 1 - -34. What are the prime factors of o?
5, 7
Suppose -3*w - 2*s = -12, -5*w + 20 = 2*s - 3*s. Suppose 2*g + 4*r = 12, 0*r - w*r + 10 = g. What are the prime factors of (g/6)/(2/42)?
7
Let d = -3 - -4. List the prime factors of (d + 1)*76/8.
19
List the prime factors of -3*1 - ((0 - -6) + -21).
2, 3
Suppose 2*h - c = -3*c - 4, c = -2*h. Suppose x - h*d = 12, -4*x - 7*d + 3*d = 0. Suppose -y + 5*t - x = 1, -4*t - 29 = -3*y. List the prime factors of y.
3, 5
Let k(n) = 2*n**2 + 11*n - 70. Let b(w) = w**2 + 5*w - 35. Let y(h) = -9*b(h) + 4*k(h). List the prime factors of y(0).
5, 7
Let s(y) = y**3 + 6*y**2 - 9*y - 7. What are the prime factors of s(-7)?
7
Suppose 3*x = 4*k + 9, -4*x = -3*x + 2*k - 13. Let o = x + -11. Let z = o - -13. List the prime factors of z.
3
Let i be (2/(-4))/((-2)/436). Suppose 0 = 4*k - 3*p - i, 4*p - 133 - 42 = -5*k. List the prime factors of k.
31
What are the prime factors of (-12)/8*(0 + -2)?
3
Suppose -5*i - 19 = -64. Suppose -g = 5*x - 22, -2*g + i = 5*x - 2*x. What are the prime factors of x?
5
Suppose -5*m = 3*g - 243, 0*g + 101 = g - 5*m. What are the prime factors of g?
2, 43
Suppose 3*b + 5*r + 35 = -2*b, 2*b - 14 = 5*r. Let u(s) = -6*s - 1. What are the prime factors of u(b)?
17
Let z(v) = -4*v + 3. Let b be z(6). Let u = b + 45. List the prime factors of u.
2, 3
Suppose -2 = -2*g + 4, 4*j = -g + 199. What are the prime factors of j?
7
Let r(f) = 2*f - 9. Let z be r(6). Suppose -14 = -z*u + u. List the prime factors of u.
7
Let s = 9 - 4. Suppose -1 = i - s. What are the prime factors of i?
2
Let a(v) = -v**3 + 14*v**2 + 29*v - 27. What are the prime factors of a(15)?
3, 61
Suppose 0 = -14*m - 1091 + 3723. What are the prime factors of m?
2, 47
Let b(l) be the third derivative of l**4/12 + l**3/6 - 5*l**2. What are the prime factors of b(10)?
3, 7
Let x(j) = j**2 + 2*j + 2. Let b be x(0). Suppose b*y + 0 - 76 = 0. What are the prime factors of y?
2, 19
Suppose -2*c - k = -154, 0*c + 5*k + 322 = 4*c. Suppose -c = -5*w + 3*w. List the prime factors of w.
3, 13
Let w(j) = j**2 + 6*j + 5. Let a(t) = -2 + t - 14 + 4. Let z be a(6). What are the prime factors of w(z)?
5
What are the prime factors of 35/2*18/15?
3, 7
Suppose 0 = -4*i - 2*c + 4, 3*c - 2*c = -5*i + 8. Suppose 4*l - 13 - 16 = -3*d, -2 = i*d. What are the prime factors of l?
2
Let f = 5 - -17. List the prime factors of f.
2, 11
Let q be (1 + 2 + -2)*-1. Let w = 3 + q. Suppose -k + w*k = 4. List the prime factors of k.
2
Let l = 10 + -8. Suppose l*a - a - 9 = 0. List the prime factors of a.
3
Let q be (3 - 7 - -3)*0. List the prime factors of 25 - q*(-3)/9.
5
Let v(f) = -f**3 + f + 2. Let s be v(0). Suppose -s*m = 2*m - 108. List the prime factors of m.
3
List the prime factors of ((-2)/6)/(6/(-1494)).
83
Let u(q) = -q. Suppose -2*r - 16 = 4*o + 2*r, 0 = -2*r. What are the prime factors of u(o)?
2
Let z be (-2)/8 + 205/20. Let p = 7 - z. What are the prime factors of 4/p*(-7 - -4)?
2
Suppose d - h = 2*h + 2, -5*h = 0. Suppose 32 = d*o - 4*q, -q + 64 = 3*o + q. Suppose -y - 5*m = -30, -3*m + o = 5*y - 4*m. List the prime factors of y.
5
Let c = 1 + -7. Let o(l) = 4*l**2 + 10*l - 2. Let q(t) = 11*t**2 + 29*t - 5. Let f(k) = c*q(k) + 17*o(k). What are the prime factors of f(4)?
2, 3
Let i be (-2*1)/((-1)/3). Let b(c) = 2*c - 9. Let y be b(i). Suppose 44 = p + y*p. What are the prime factors of p?
11
Let b(z) = z**3 + 4*z**2 - 3*z. Let x be b(-4). Let d = -4 + x. What are the prime factors of d?
2
Let j(l) = l**2 - 19*l - 18. What are the prime factors of j(23)?
2, 37
Suppose 3*m - x - 3367 = -2*x, -4*m + x + 4487 = 0. List the prime factors of m/55 - (-6)/10.
3, 7
Let s = -31 - -37. What are the prime fac